c, n - 6 = -3. List the prime factors of g.
2, 3, 53
Let a(i) = 6624*i - 6143. What are the prime factors of a(14)?
13, 6661
Suppose -13*a - 1182 = -3210. Let l = a - -119. List the prime factors of l.
5, 11
Let r = -191 + 196. Suppose 0*j - 5*j + 2599 = 3*m, 4309 = r*m - 3*j. What are the prime factors of m?
863
Let j be ((-3)/2)/((-3)/4). Suppose -4*f + 24 = -2*l, 3*f - l - 4 = 15. Suppose -f*o + 190 = -j*o. List the prime factors of o.
2, 19
List the prime factors of 45/(5/5)*2506/35.
2, 3, 179
Suppose 1520 - 1541 = -7*q. List the prime factors of 1/q - 15004/(-33).
5, 7, 13
Let g(u) = 1410*u**2 + 113*u - 346. List the prime factors of g(3).
11, 1153
Suppose -8*w + 10*w = -3*c + 81, -5*w + c + 177 = 0. Suppose -122 - w = 2*b. Let y = 101 + b. List the prime factors of y.
2, 11
Let a(l) = l**3 - 4*l**2 - 5*l - 6. Let f = 62 + -57. Let j be a(f). List the prime factors of -32*((-2)/6)/((-2)/j).
2
Suppose -1 = -u - 3. Let i = -12600 + 12594. What are the prime factors of (u/(i/(-11)))/((-5)/15)?
11
Suppose 5*f + 8 = -2*v, 4*f - 2*v + 18 - 8 = 0. Let z be (-1 - -9)/(0/(-3) - f). Suppose 46 + 70 = z*p. List the prime factors of p.
29
What are the prime factors of 4165 - 5*(-144)/(-60)?
4153
Let w = 53 - 50. Let o be 393 - w - 1 - -1. Let z = -246 + o. What are the prime factors of z?
2, 3
List the prime factors of 182/35 - 6*(-2)/(-60) - -13748.
17, 809
Suppose -4*y + 26 = 6. Let w be ((-10)/y*-2)/1. What are the prime factors of (-2)/w*(-1720)/20?
43
Suppose -5*u + 18041 = 5*i - 52794, 0 = u + 2*i - 14160. What are the prime factors of u?
2, 19, 373
Let h(c) = -6*c + 20. Let p be h(4). List the prime factors of p/((-7)/70*2).
2, 5
List the prime factors of (-3)/((-1390396)/77244 - -18).
3, 41, 157
Let r = -976 - -1696. Suppose o - 4*u = r, 4*o - u + 1449 = 6*o. What are the prime factors of o?
2, 181
Let p(t) = t**3 - 171*t**2 + 1114*t - 373. What are the prime factors of p(165)?
53, 379
Suppose -4*a - 6840 = 15*a. List the prime factors of (-4)/(4/a*4).
2, 3, 5
Let p(w) be the second derivative of -w**5/20 - 3*w**4/4 - 7*w**3/3 - 9*w**2 - 38*w. Let x be p(-8). Let f = 68 - x. List the prime factors of f.
2, 19
Let z(n) = 427*n + 25. Let q be z(13). Suppose 161*x + q = 178*x. What are the prime factors of x?
2, 41
Suppose 0 = -9*j + 30*j - 42. What are the prime factors of (-3 - j) + 508 + 3?
2, 11, 23
Suppose -8*r - 10 = -170. Suppose v = 41 + r. What are the prime factors of v?
61
Let g(x) = -x**3 - 11*x**2 + 13*x - 38. Let l be g(-13). Let j = 91 + l. What are the prime factors of j?
2, 3, 37
Let a(s) = s**3 + 11*s**2 + 8*s - 4. Let f(x) = -10*x**3 - 2*x**2 - 8 + 2*x**3 + 3 + 6. Let u be f(1). List the prime factors of a(u).
2, 43
Suppose 7*l = 27 + 43. List the prime factors of (-10)/(-4)*(784/l + 4).
2, 103
Let c = 6603 - 4686. What are the prime factors of c?
3, 71
Let z = 15969 + -10075. List the prime factors of z.
2, 7, 421
List the prime factors of 2154792/66 - 96/264.
2, 7, 11, 53
Suppose -2*n - 11 = -4*n - d, -2*d = -2*n + 14. Let j(b) = 33*b + 86. What are the prime factors of j(n)?
2, 71
Let c = -142 + 923. Suppose c*o - 773*o = 1576. What are the prime factors of o?
197
Let q(k) = 4*k + 3*k - 12 - 33 + 3*k**2 + 0*k. What are the prime factors of q(-13)?
7, 53
Let p = 8150 - -9553. What are the prime factors of p?
3, 7, 281
Let s(n) = -57*n**3 + 0*n**3 + 1 + 3*n**2 + 0*n + 3*n. Let p(z) = 5*z + 119. Let j be p(-24). What are the prime factors of s(j)?
2, 29
Let w = -5348 + 10809. What are the prime factors of w?
43, 127
Let t be (-5)/(-225)*-321 + 2/15. What are the prime factors of 90/210 + (-1 - 508/t)?
2, 3
Let r = -37 + -153. Let c = 250 + r. List the prime factors of c.
2, 3, 5
Let p(t) = -30*t**2 - 2*t + 3. Let h be p(1). Let c = -31 - h. List the prime factors of -2 + 3 - (c + (-90)/3).
3, 11
Let t(u) = 2*u**3 + 19*u - 22. What are the prime factors of t(12)?
2, 1831
Let i(x) = 16*x**2 - 102*x + 53. List the prime factors of i(23).
3, 11, 17
Let d be 0 + 3 + (-5 + 5 - -2). Suppose -3*u + d*g + 2214 + 883 = 0, 4*u + g - 4137 = 0. What are the prime factors of u?
2, 11, 47
Let k be 4/16 - (-646)/8. Let b(r) = -r**3 - 12*r**2 - 5*r + 22. Let h be b(-11). Let z = k + h. List the prime factors of z.
37
Let q be 2*19*(3 - 5/2). Suppose -q*p + 15*p = -500. What are the prime factors of p?
5
Suppose 2 - 31 = -4*n - 3*f, 3*n - 2*f = 43. Let k = n + -20. What are the prime factors of (-2 - k)*360/21?
2, 3, 5
Suppose 6*m = 2480 + 5956. Let q = m - 810. What are the prime factors of q?
2, 149
Let z(i) = 8*i + 13. Let r be z(-3). Let u(a) = -7*a**2 - 100*a - 14. List the prime factors of u(r).
239
Suppose -4*s + 8*s = -5*i - 299, -5*i - 3*s - 303 = 0. Let q be (-12)/(-4 + 0) - (i - -1). Let b = q - -14. What are the prime factors of b?
79
Let y be (-2)/(-1)*1/(-2). Let g be (-1)/(11/218) - (-972)/(-5346). List the prime factors of -3 + y*(-5)/(g/(-632)).
5, 31
Let i(n) be the first derivative of 11*n**3/3 - 11*n**2/2 + 8*n - 42. What are the prime factors of i(-6)?
2, 5, 47
Let g be (-4)/4*2 + (1 - -3204). Suppose -17675 = 6*x - g. List the prime factors of (-6)/(-33) - (x/44 - -3).
2, 13
Suppose -5*l - 4*v + 224541 = 0, -l + 45*v = 49*v - 44921. What are the prime factors of l?
5, 7, 1283
Let s(a) = 27*a**2 + 5*a - 11. Let h = 52 + -56. What are the prime factors of s(h)?
401
Let i be (-42)/9*18/21. List the prime factors of (-17352)/(-48) - -2*1/i.
19
Let r(v) = 334 + 8*v**3 - 6*v**3 - 331 - 16*v**2. Let a be r(8). What are the prime factors of ((-1)/(1/14))/(a/(-6))?
2, 7
Let r = -14826 + 39646. What are the prime factors of r?
2, 5, 17, 73
What are the prime factors of (5 - 1)*21/(-56) - 48010/(-4)?
11, 1091
Suppose -76*r + 90*r - 98 = 0. Let k(j) = 118*j + 24. What are the prime factors of k(r)?
2, 5, 17
Let w be -7*(339/(-21) - 4). Suppose -133*z + w*z - 1632 = 0. List the prime factors of z.
2, 3, 17
Suppose -b - 40506 = -2*z, -2*b - 61389 = -5*z + 39878. What are the prime factors of z?
5, 4051
Let q = -8942 + 13357. Let c = q + -3121. List the prime factors of c.
2, 647
What are the prime factors of 47/((-235)/90) + 26759?
11, 13, 17
Let s(r) = -6*r**2 + 672*r + 458. What are the prime factors of s(110)?
2, 7, 127
Let h(d) = 5 + 6 - 4 + 6*d**2 + 7*d**2 - 22*d. What are the prime factors of h(6)?
7
Let k(q) = -q**3 + 20*q**2 - 51*q + 5. Let d be k(17). Suppose b - d*s - 156 = 0, 5*b = -5*s + 192 + 618. What are the prime factors of b?
7, 23
Let b(z) = -z**3 - 54*z**2 + 142*z + 4. What are the prime factors of b(-65)?
193
Let z(d) = 3*d - 135 - 12*d**2 - 15 - 49*d - 10*d + 58*d**2 - d**3. List the prime factors of z(44).
2, 17, 37
Suppose 5*v = 5*f + 2181 - 256, 2*v + 3*f = 770. List the prime factors of 17*v/20 - 1/4.
3, 109
List the prime factors of (30/5 + 437/(-69))/((-2)/355074).
23, 31, 83
Let o = 60 - 54. Suppose o*i - 5*i = 3*w + 74, 2*w + 58 = 5*i. List the prime factors of 48/5*(-300)/w - 2.
2, 59
Let c be (238/(-35))/((-3)/3135). Suppose 26*o = 9*o + c. List the prime factors of o.
2, 11, 19
Suppose 0 = 90*f - 241090 + 2770. What are the prime factors of f?
2, 331
Let k = 391 + -368. Suppose -k*f + 15998 = -4*f. What are the prime factors of f?
2, 421
Let v(c) = 111*c + 3. Suppose -4*g + 2*r + 4 = -0, 0 = 4*g + 3*r + 16. Let i be v(g). Let p = -31 - i. List the prime factors of p.
7, 11
Suppose 41*c = 59788 + 279282. What are the prime factors of c?
2, 5, 827
List the prime factors of 9*5*102/612*2262.
3, 5, 13, 29
Suppose 526353 = 80*s + 196112 - 587839. List the prime factors of s.
2, 19, 151
Let y(l) = -5*l**2 - 10*l - 9. Let n be y(-12). Let s be -1*1 + (-4)/(28/n). Let w = s - 49. List the prime factors of w.
37
Let x(s) = 69*s**2 - 64*s + 65. What are the prime factors of x(-13)?
2, 3, 7, 13, 23
Suppose 3*u - 48967 = -z + 79648, -4*z - 42850 = -u. List the prime factors of u.
2, 3, 5, 1429
Let v be (22/18 - 1) + (-338)/(-18). Suppose v = -o - 15. List the prime factors of (3/(-6))/(103/o + 3).
17
Let j(c) = 26*c**2 + 96*c - 512. List the prime factors of j(28).
2, 3, 5, 47
Let z be 1/(-1) + ((-658)/(-7) - 14). Let g be 175/(-3) - 2/3. Let l = g + z. What are the prime factors of l?
2, 5
Let x = 7644 + 1407. List the prime factors of x.
3, 7, 431
Let g be -3 + -2 + 663 + 4 - 3. Let r = 936 - g. What are the p